{"id":693,"date":"2025-12-26T13:29:23","date_gmt":"2025-12-26T13:29:23","guid":{"rendered":"https:\/\/cms2529.commu.isfsc.be\/?page_id=693"},"modified":"2025-12-26T13:32:38","modified_gmt":"2025-12-26T13:32:38","slug":"693-2","status":"publish","type":"page","link":"https:\/\/cms2529.commu.isfsc.be\/index.php\/accueil\/482-2\/693-2\/","title":{"rendered":"Ave Natura"},"content":{"rendered":"<p>[et_pb_section fb_built=\u00a0\u00bb1&Prime; theme_builder_area=\u00a0\u00bbpost_content\u00a0\u00bb _builder_version=\u00a0\u00bb4.27.4&Prime; _module_preset=\u00a0\u00bbdefault\u00a0\u00bb hover_enabled=\u00a0\u00bb0&Prime; sticky_enabled=\u00a0\u00bb0&Prime; title_text=\u00a0\u00bbLes Potins\u00a0\u00bb background_image=\u00a0\u00bbhttps:\/\/cms2529.commu.isfsc.be\/wp-content\/uploads\/2025\/12\/Les-Potins.png\u00a0\u00bb][et_pb_row _builder_version=\u00a0\u00bb4.27.4&Prime; _module_preset=\u00a0\u00bbdefault\u00a0\u00bb theme_builder_area=\u00a0\u00bbpost_content\u00a0\u00bb][et_pb_column _builder_version=\u00a0\u00bb4.27.4&Prime; _module_preset=\u00a0\u00bbdefault\u00a0\u00bb type=\u00a0\u00bb4_4&Prime; theme_builder_area=\u00a0\u00bbpost_content\u00a0\u00bb][et_pb_gallery _builder_version=\u00a0\u00bb4.27.4&Prime; _module_preset=\u00a0\u00bbdefault\u00a0\u00bb theme_builder_area=\u00a0\u00bbpost_content\u00a0\u00bb gallery_ids=\u00a0\u00bb697,698,699,700&Prime; transform_scale=\u00a0\u00bb120%|120%\u00a0\u00bb hover_enabled=\u00a0\u00bb0&Prime; sticky_enabled=\u00a0\u00bb0&Prime;][\/et_pb_gallery][\/et_pb_column][\/et_pb_row][et_pb_row _builder_version=\u00a0\u00bb4.27.4&Prime; _module_preset=\u00a0\u00bbdefault\u00a0\u00bb theme_builder_area=\u00a0\u00bbpost_content\u00a0\u00bb][et_pb_column _builder_version=\u00a0\u00bb4.27.4&Prime; _module_preset=\u00a0\u00bbdefault\u00a0\u00bb type=\u00a0\u00bb4_4&Prime; theme_builder_area=\u00a0\u00bbpost_content\u00a0\u00bb][et_pb_text _builder_version=\u00a0\u00bb4.27.4&Prime; _module_preset=\u00a0\u00bbdefault\u00a0\u00bb theme_builder_area=\u00a0\u00bbpost_content\u00a0\u00bb text_font=\u00a0\u00bbAbril Fatface||||||||\u00a0\u00bb text_font_size=\u00a0\u00bb63px\u00a0\u00bb background_color=\u00a0\u00bbRGBA(255,255,255,0)\u00a0\u00bb hover_enabled=\u00a0\u00bb0&Prime; sticky_enabled=\u00a0\u00bb0&Prime;]<\/p>\n<p style=\"text-align: center;\">Ave Natura &#8211; 2025<\/p>\n<p>[\/et_pb_text][\/et_pb_column][\/et_pb_row][\/et_pb_section][et_pb_section fb_built=\u00a0\u00bb1&Prime; theme_builder_area=\u00a0\u00bbpost_content\u00a0\u00bb _builder_version=\u00a0\u00bb4.27.4&Prime; _module_preset=\u00a0\u00bbdefault\u00a0\u00bb background_color=\u00a0\u00bb#fff5f9&Prime; background_enable_image=\u00a0\u00bboff\u00a0\u00bb hover_enabled=\u00a0\u00bb0&Prime; sticky_enabled=\u00a0\u00bb0&Prime; use_background_color_gradient=\u00a0\u00bboff\u00a0\u00bb][et_pb_row _builder_version=\u00a0\u00bb4.27.4&Prime; _module_preset=\u00a0\u00bbdefault\u00a0\u00bb column_structure=\u00a0\u00bb1_2,1_2&Prime; theme_builder_area=\u00a0\u00bbpost_content\u00a0\u00bb hover_enabled=\u00a0\u00bb0&Prime; sticky_enabled=\u00a0\u00bb0&Prime; custom_padding=\u00a0\u00bb|||0px||\u00a0\u00bb][et_pb_column _builder_version=\u00a0\u00bb4.27.4&Prime; _module_preset=\u00a0\u00bbdefault\u00a0\u00bb type=\u00a0\u00bb1_2&Prime; theme_builder_area=\u00a0\u00bbpost_content\u00a0\u00bb][et_pb_text _builder_version=\u00a0\u00bb4.27.4&Prime; _module_preset=\u00a0\u00bbdefault\u00a0\u00bb theme_builder_area=\u00a0\u00bbpost_content\u00a0\u00bb hover_enabled=\u00a0\u00bb0&Prime; sticky_enabled=\u00a0\u00bb0&Prime; title_text=\u00a0\u00bbLes Potins-7&Prime; background_image=\u00a0\u00bbhttps:\/\/cms2529.commu.isfsc.be\/wp-content\/uploads\/2025\/12\/Les-Potins-7.png\u00a0\u00bb text_font=\u00a0\u00bbCabin Condensed|&#8211;et_global_heading_font_weight|||||||\u00a0\u00bb custom_padding=\u00a0\u00bb15px|15px|15px|15px|false|false\u00a0\u00bb]<\/p>\n<p>Pour AVE NATURA, entreprise sp\u00e9cialis\u00e9e dans la v\u00e9g\u00e9talisation des espaces urbains \u00e0 Bruxelles, nous avons imagin\u00e9 et d\u00e9ploy\u00e9 une campagne de communication globale visant \u00e0 valoriser la rev\u00e9g\u00e9talisation ext\u00e9rieure et int\u00e9rieure des balcons, terrasses et espaces de vie.<\/p>\n<p style=\"text-align: justify;\">Notre mission : sensibiliser, inspirer et activer les Bruxellois autour de la nature en ville, en montrant qu\u2019un petit espace peut devenir un v\u00e9ritable lieu de biodiversit\u00e9 et de bien-\u00eatre.<\/p>\n<p>[\/et_pb_text][\/et_pb_column][et_pb_column _builder_version=\u00a0\u00bb4.27.4&Prime; _module_preset=\u00a0\u00bbdefault\u00a0\u00bb type=\u00a0\u00bb1_2&Prime; theme_builder_area=\u00a0\u00bbpost_content\u00a0\u00bb][et_pb_text _builder_version=\u00a0\u00bb4.27.4&Prime; _module_preset=\u00a0\u00bbdefault\u00a0\u00bb theme_builder_area=\u00a0\u00bbpost_content\u00a0\u00bb text_font=\u00a0\u00bbAbril Fatface||||||||\u00a0\u00bb text_orientation=\u00a0\u00bbcenter\u00a0\u00bb background_color=\u00a0\u00bbRGBA(255,255,255,0)\u00a0\u00bb border_radii=\u00a0\u00bbon|50px|50px|50px|50px\u00a0\u00bb border_width_all=\u00a0\u00bb2px\u00a0\u00bb border_color_all=\u00a0\u00bb#e81441&Prime; max_width=\u00a0\u00bb78%\u00a0\u00bb module_alignment=\u00a0\u00bbcenter\u00a0\u00bb hover_enabled=\u00a0\u00bb0&Prime; sticky_enabled=\u00a0\u00bb0&Prime;]<\/p>\n<p>Strat\u00e9gie cr\u00e9ative et positionnement de marque<\/p>\n<p>[\/et_pb_text][et_pb_text _builder_version=\u00a0\u00bb4.27.4&Prime; _module_preset=\u00a0\u00bbdefault\u00a0\u00bb theme_builder_area=\u00a0\u00bbpost_content\u00a0\u00bb text_font=\u00a0\u00bbAbril Fatface||||||||\u00a0\u00bb text_orientation=\u00a0\u00bbcenter\u00a0\u00bb background_color=\u00a0\u00bbRGBA(255,255,255,0)\u00a0\u00bb border_radii=\u00a0\u00bbon|50px|50px|50px|50px\u00a0\u00bb border_width_all=\u00a0\u00bb2px\u00a0\u00bb border_color_all=\u00a0\u00bb#e81441&Prime; max_width=\u00a0\u00bb78%\u00a0\u00bb module_alignment=\u00a0\u00bbcenter\u00a0\u00bb hover_enabled=\u00a0\u00bb0&Prime; sticky_enabled=\u00a0\u00bb0&Prime;]<\/p>\n<p>Campagne publicitaire digitales<\/p>\n<p>[\/et_pb_text][et_pb_text _builder_version=\u00a0\u00bb4.27.4&Prime; _module_preset=\u00a0\u00bbdefault\u00a0\u00bb theme_builder_area=\u00a0\u00bbpost_content\u00a0\u00bb text_font=\u00a0\u00bbAbril Fatface||||||||\u00a0\u00bb text_orientation=\u00a0\u00bbcenter\u00a0\u00bb background_color=\u00a0\u00bbRGBA(255,255,255,0)\u00a0\u00bb border_radii=\u00a0\u00bbon|50px|50px|50px|50px\u00a0\u00bb border_width_all=\u00a0\u00bb2px\u00a0\u00bb border_color_all=\u00a0\u00bb#e81441&Prime; max_width=\u00a0\u00bb78%\u00a0\u00bb module_alignment=\u00a0\u00bbcenter\u00a0\u00bb hover_enabled=\u00a0\u00bb0&Prime; sticky_enabled=\u00a0\u00bb0&Prime;]<\/p>\n<p>Cr\u00e9ation de contenus pour les r\u00e9seaux sociaux<\/p>\n<p>[\/et_pb_text][et_pb_text _builder_version=\u00a0\u00bb4.27.4&Prime; _module_preset=\u00a0\u00bbdefault\u00a0\u00bb theme_builder_area=\u00a0\u00bbpost_content\u00a0\u00bb text_font=\u00a0\u00bbAbril Fatface||||||||\u00a0\u00bb text_orientation=\u00a0\u00bbcenter\u00a0\u00bb background_color=\u00a0\u00bbRGBA(255,255,255,0)\u00a0\u00bb border_radii=\u00a0\u00bbon|50px|50px|50px|50px\u00a0\u00bb border_width_all=\u00a0\u00bb2px\u00a0\u00bb border_color_all=\u00a0\u00bb#e81441&Prime; max_width=\u00a0\u00bb78%\u00a0\u00bb module_alignment=\u00a0\u00bbcenter\u00a0\u00bb hover_enabled=\u00a0\u00bb0&Prime; sticky_enabled=\u00a0\u00bb0&Prime;]<\/p>\n<p>Relation presse<\/p>\n<p>[\/et_pb_text][\/et_pb_column][\/et_pb_row][\/et_pb_section]<\/p>\n","protected":false},"excerpt":{"rendered":"<p>Ave Natura &#8211; 2025Pour AVE NATURA, entreprise sp\u00e9cialis\u00e9e dans la v\u00e9g\u00e9talisation des espaces urbains \u00e0 Bruxelles, nous avons imagin\u00e9 et d\u00e9ploy\u00e9 une campagne de communication globale visant \u00e0 valoriser la rev\u00e9g\u00e9talisation ext\u00e9rieure et int\u00e9rieure des balcons, terrasses et espaces de vie. Notre mission : sensibiliser, inspirer et activer les Bruxellois autour de la nature en [&hellip;]<\/p>\n","protected":false},"author":2,"featured_media":0,"parent":482,"menu_order":0,"comment_status":"closed","ping_status":"closed","template":"","meta":{"_et_pb_use_builder":"on","_et_pb_old_content":"","_et_gb_content_width":"","footnotes":""},"class_list":["post-693","page","type-page","status-publish","hentry"],"_links":{"self":[{"href":"https:\/\/cms2529.commu.isfsc.be\/index.php\/wp-json\/wp\/v2\/pages\/693","targetHints":{"allow":["GET"]}}],"collection":[{"href":"https:\/\/cms2529.commu.isfsc.be\/index.php\/wp-json\/wp\/v2\/pages"}],"about":[{"href":"https:\/\/cms2529.commu.isfsc.be\/index.php\/wp-json\/wp\/v2\/types\/page"}],"author":[{"embeddable":true,"href":"https:\/\/cms2529.commu.isfsc.be\/index.php\/wp-json\/wp\/v2\/users\/2"}],"replies":[{"embeddable":true,"href":"https:\/\/cms2529.commu.isfsc.be\/index.php\/wp-json\/wp\/v2\/comments?post=693"}],"version-history":[{"count":3,"href":"https:\/\/cms2529.commu.isfsc.be\/index.php\/wp-json\/wp\/v2\/pages\/693\/revisions"}],"predecessor-version":[{"id":703,"href":"https:\/\/cms2529.commu.isfsc.be\/index.php\/wp-json\/wp\/v2\/pages\/693\/revisions\/703"}],"up":[{"embeddable":true,"href":"https:\/\/cms2529.commu.isfsc.be\/index.php\/wp-json\/wp\/v2\/pages\/482"}],"wp:attachment":[{"href":"https:\/\/cms2529.commu.isfsc.be\/index.php\/wp-json\/wp\/v2\/media?parent=693"}],"curies":[{"name":"wp","href":"https:\/\/api.w.org\/{rel}","templated":true}]}}

<p>[et_pb_section fb_built= »1&Prime; theme_builder_area= »post_content » _builder_version= »4.27.4&Prime; _module_preset= »default » hover_enabled= »0&Prime; sticky_enabled= »0&Prime; title_text= »Les Potins » background_image= »https://cms2529.commu.isfsc.be/wp-content/uploads/2025/12/Les-Potins.png »][et_pb_row _builder_version= »4.27.4&Prime; _module_preset= »default » theme_builder_area= »post_content »][et_pb_column _builder_version= »4.27.4&Prime; _module_preset= »default » type= »4_4&Prime; theme_builder_area= »post_content »][et_pb_gallery _builder_version= »4.27.4&Prime; _module_preset= »default » theme_builder_area= »post_content » gallery_ids= »697,698,699,700&Prime; transform_scale= »120%|120% » hover_enabled= »0&Prime; sticky_enabled= »0&Prime;][/et_pb_gallery][/et_pb_column][/et_pb_row][et_pb_row _builder_version= »4.27.4&Prime; _module_preset= »default » theme_builder_area= »post_content »][et_pb_column _builder_version= »4.27.4&Prime; _module_preset= »default » type= »4_4&Prime; theme_builder_area= »post_content »][et_pb_text _builder_version= »4.27.4&Prime; _module_preset= »default » theme_builder_area= »post_content » text_font= »Abril Fatface|||||||| » text_font_size= »63px » background_color= »RGBA(255,255,255,0) » hover_enabled= »0&Prime; sticky_enabled= »0&Prime;]</p>
<p style="text-align: center;">Ave Natura &#8211; 2025</p>
<p>[/et_pb_text][/et_pb_column][/et_pb_row][/et_pb_section][et_pb_section fb_built= »1&Prime; theme_builder_area= »post_content » _builder_version= »4.27.4&Prime; _module_preset= »default » background_color= »#fff5f9&Prime; background_enable_image= »off » hover_enabled= »0&Prime; sticky_enabled= »0&Prime; use_background_color_gradient= »off »][et_pb_row _builder_version= »4.27.4&Prime; _module_preset= »default » column_structure= »1_2,1_2&Prime; theme_builder_area= »post_content » hover_enabled= »0&Prime; sticky_enabled= »0&Prime; custom_padding= »|||0px|| »][et_pb_column _builder_version= »4.27.4&Prime; _module_preset= »default » type= »1_2&Prime; theme_builder_area= »post_content »][et_pb_text _builder_version= »4.27.4&Prime; _module_preset= »default » theme_builder_area= »post_content » hover_enabled= »0&Prime; sticky_enabled= »0&Prime; title_text= »Les Potins-7&Prime; background_image= »https://cms2529.commu.isfsc.be/wp-content/uploads/2025/12/Les-Potins-7.png » text_font= »Cabin Condensed|&#8211;et_global_heading_font_weight||||||| » custom_padding= »15px|15px|15px|15px|false|false »]</p>
<p>Pour AVE NATURA, entreprise spécialisée dans la végétalisation des espaces urbains à Bruxelles, nous avons imaginé et déployé une campagne de communication globale visant à valoriser la revégétalisation extérieure et intérieure des balcons, terrasses et espaces de vie.</p>
<p style="text-align: justify;">Notre mission : sensibiliser, inspirer et activer les Bruxellois autour de la nature en ville, en montrant qu’un petit espace peut devenir un véritable lieu de biodiversité et de bien-être.</p>
<p>[/et_pb_text][/et_pb_column][et_pb_column _builder_version= »4.27.4&Prime; _module_preset= »default » type= »1_2&Prime; theme_builder_area= »post_content »][et_pb_text _builder_version= »4.27.4&Prime; _module_preset= »default » theme_builder_area= »post_content » text_font= »Abril Fatface|||||||| » text_orientation= »center » background_color= »RGBA(255,255,255,0) » border_radii= »on|50px|50px|50px|50px » border_width_all= »2px » border_color_all= »#e81441&Prime; max_width= »78% » module_alignment= »center » hover_enabled= »0&Prime; sticky_enabled= »0&Prime;]</p>
<p>Stratégie créative et positionnement de marque</p>
<p>[/et_pb_text][et_pb_text _builder_version= »4.27.4&Prime; _module_preset= »default » theme_builder_area= »post_content » text_font= »Abril Fatface|||||||| » text_orientation= »center » background_color= »RGBA(255,255,255,0) » border_radii= »on|50px|50px|50px|50px » border_width_all= »2px » border_color_all= »#e81441&Prime; max_width= »78% » module_alignment= »center » hover_enabled= »0&Prime; sticky_enabled= »0&Prime;]</p>
<p>Campagne publicitaire digitales</p>
<p>[/et_pb_text][et_pb_text _builder_version= »4.27.4&Prime; _module_preset= »default » theme_builder_area= »post_content » text_font= »Abril Fatface|||||||| » text_orientation= »center » background_color= »RGBA(255,255,255,0) » border_radii= »on|50px|50px|50px|50px » border_width_all= »2px » border_color_all= »#e81441&Prime; max_width= »78% » module_alignment= »center » hover_enabled= »0&Prime; sticky_enabled= »0&Prime;]</p>
<p>Création de contenus pour les réseaux sociaux</p>
<p>[/et_pb_text][et_pb_text _builder_version= »4.27.4&Prime; _module_preset= »default » theme_builder_area= »post_content » text_font= »Abril Fatface|||||||| » text_orientation= »center » background_color= »RGBA(255,255,255,0) » border_radii= »on|50px|50px|50px|50px » border_width_all= »2px » border_color_all= »#e81441&Prime; max_width= »78% » module_alignment= »center » hover_enabled= »0&Prime; sticky_enabled= »0&Prime;]</p>
<p>Relation presse</p>
<p>[/et_pb_text][/et_pb_column][/et_pb_row][/et_pb_section]</p>

<p>Ave Natura &#8211; 2025Pour AVE NATURA, entreprise spécialisée dans la végétalisation des espaces urbains à Bruxelles, nous avons imaginé et déployé une campagne de communication globale visant à valoriser la revégétalisation extérieure et intérieure des balcons, terrasses et espaces de vie. Notre mission : sensibiliser, inspirer et activer les Bruxellois autour de la nature en [&hellip;]</p>
